 What is the highest common divisor of k and 12?
6
Suppose i = -23*i + 432. What is the highest common factor of 24 and i?
6
Let j(c) = c**3 - 2*c**2 - 5*c + 3. Let k be j(4). Suppose -17*a + 111 = 9. What is the highest common factor of a and k?
3
Suppose 0 = 2*r + q - 79, 4*r + 3*q - 81 = 2*r. Let t = 40 - r. What is the greatest common factor of t and 13?
1
Let r(c) = -20*c - 2. Let t be r(-1). Calculate the highest common divisor of 18 and t.
18
Let u(n) = -3*n**2 - 4. Let r(p) = 12*p**2 + 15. Let y(z) = 4*r(z) + 15*u(z). Let v be y(-5). Calculate the greatest common divisor of 15 and v.
15
Let w(g) = 14*g**2 + 31*g + 8. Let l be w(-4). Let d = -32 - -7. Let h = d + 37. What is the greatest common factor of l and h?
12
Let x(v) = -5*v + 11. Let t be x(-8). Let h = -148 - -182. Calculate the highest common divisor of t and h.
17
Let w(v) = -23*v + 2. Let k be w(-9). Suppose k = 6*q + 5. Suppose 4*f - 49 = -4*j + 11, -q = -2*j + 2*f. Calculate the highest common factor of j and 176.
16
Let g = 33 + -18. Suppose -2*t - 35 + 165 = 0. Suppose -w = 4*d - t, -g + 60 = 2*d + 3*w. Calculate the highest common divisor of d and 5.
5
Let n be (-14)/(-5) - (-3)/15. Suppose -w + 0 = n. Let c be 6 + w - 0/1. What is the highest common divisor of 30 and c?
3
Let t = 8 + -1. Suppose -18 = -13*r + 16*r. Let x(y) = -12*y - 9. Let v be x(r). What is the highest common factor of v and t?
7
Suppose 126*d + 2061 = -35*d + 10111. Let a(f) = f**2 + 5*f + 2. Let k be a(-4). Let x = 12 + k. What is the greatest common factor of d and x?
10
Let a be (-1)/((-6)/(-7) + -1). Let g(v) = -v**3 + 4*v**2 + 15*v + 7. Let i be g(a). Let w be 88/10*i/(-2). What is the highest common factor of 14 and w?
14
Suppose -2*n + 5*l = -19, 53 = 3*n - 3*l + 20. Let v = n - 9. Suppose -2*y + v = -3, -3*f + 3*y + 45 = 0. What is the highest common divisor of 27 and f?
9
Suppose 19 + 13 = 2*q. Let z(p) = 17*p**2 + q*p - 3*p**3 - 10 - 7*p**3 + 11*p**3. Let d be z(-15). What is the greatest common factor of d and 25?
25
Let c(y) = -2*y - 17. Let k be c(-6). Let r(q) = -2*q**3 - 7*q**2 + 4*q + 9. Let o be r(k). Calculate the greatest common factor of 8 and o.
8
Suppose 2*a - 32 = 5*j + 35, -3*a + 107 = -j. Let f be a + (-9)/3 - 3. What is the highest common divisor of 15 and f?
15
Let k be 4 - 0 - 3/(30 - 29). Let f be (-4)/2*(-38)/4. What is the greatest common factor of k and f?
1
Let l(q) = 2*q**3 - q**2 - 5*q + 3. Let j be (11 + -10)/((-2)/(-6)). Let a be l(j). Calculate the greatest common divisor of a and 297.
33
Let c be (100/(-15) + 6)*-6. Let s be (120/70)/(2/28). Calculate the highest common factor of c and s.
4
Let h = 1058 - 640. Calculate the highest common divisor of h and 38.
38
Let s be (-1 - 5)/2 - (-142 + 1). What is the highest common factor of 12 and s?
6
Let t(d) = -9*d + 15. Let o be t(1). Calculate the highest common divisor of 22 and o.
2
Suppose 0 = 12*o - 18*o + 522. Suppose 0 = o*w - 90*w + 90. What is the highest common divisor of w and 75?
15
Let o = 71 - 66. Suppose k + 0*g - o = -3*g, -g = -k + 17. Calculate the greatest common factor of 14 and k.
14
Let u be 28/70*-15 + 3*9. Let h be (-2)/(-2) + (-1 - -168). What is the highest common divisor of h and u?
21
Suppose 3 = -50*x + 47*x. Let t be 1 + (-1 - x*14). Suppose 6*r - r - 770 = 0. Calculate the greatest common factor of t and r.
14
Let o be ((-216)/(-42))/((-2)/(-21)). Let f = -2 - -9. Let p = f + -1. What is the greatest common divisor of p and o?
6
Let d = -339 + 403. Calculate the greatest common factor of d and 12.
4
Suppose -4*h = -2*x + 206, -x + 2*x - 4*h = 103. Suppose -5*m + 2001 = -2*m. Suppose 5*i - x = m. What is the greatest common factor of 14 and i?
14
Let h = 19 - -486. What is the greatest common divisor of 202 and h?
101
Suppose -b + 6*b - 35 = 0. Suppose b*v - 20 = 2*v. What is the highest common factor of 2 and v?
2
Let q be -1*(-4)/(-2)*-13. Suppose 6 = 2*t + 3*t - 3*n, 8 = -4*n. Suppose t = -3*p - 2*p + 195. What is the highest common factor of q and p?
13
Let t = 85 + -81. Suppose -t*c + 155 + 97 = 0. Calculate the greatest common divisor of 7 and c.
7
Suppose 22 = 4*i + q, -2*i + 0*i + 5*q = -22. Let y(g) = 6*g - 2. Let a be y(i). Let z = a - 19. Calculate the greatest common divisor of z and 165.
15
Suppose 25*h - 27*h + 2426 = 5*s, 9 = 3*h. Calculate the greatest common divisor of 44 and s.
44
Suppose -7*y + 203 = -322. What is the highest common divisor of y and 275?
25
Let s(r) = -135*r - 38. Let f be s(-2). What is the highest common divisor of 290 and f?
58
Let y(m) = -216*m**3 - m**2 - 2*m - 1. Let t be y(-1). Suppose 0 = 3*l - 360 - t. What is the greatest common factor of 24 and l?
24
Suppose 3*u + h = 5*h - 11, u + 3*h + 8 = 0. Let m = 11 + u. Let j be 7 + 8 + 81/(-9). What is the greatest common factor of m and j?
6
Let a(l) = -44*l - 32. Let h be a(-4). Calculate the greatest common divisor of 48 and h.
48
Let m = 14 - 10. Suppose 0 = 3*w - w + k - 32, 74 = m*w - 3*k. Calculate the greatest common factor of w and 119.
17
Suppose -3*a + 4*g + 810 - 3 = 0, 0 = 4*a - 3*g - 1076. Let i = a - 148. Calculate the greatest common factor of i and 11.
11
Let c = -37 + 56. Suppose -110 = -24*x + c*x. Suppose 0 = -2*r + 22 - 0. What is the greatest common divisor of r and x?
11
Let s be -67 - (4/1 - -1). Let k = -26 - s. What is the greatest common divisor of k and 368?
46
Suppose 240*m = 300*m - 14700. What is the greatest common divisor of 210 and m?
35
Suppose 0 = 4*u - 4, 0*t = t + u + 82. Let d = t + 88. Let l be (0 - 1/3)*-3. Calculate the greatest common divisor of d and l.
1
Let s(g) = -g + 89. Let d be s(-39). What is the highest common factor of 8 and d?
8
Suppose 251 = 32*k - 517. What is the highest common factor of k and 216?
24
Let d be (-1 + 1 + 0)/2. Suppose 0 = -3*m - d*m + 240. Calculate the greatest common divisor of 16 and m.
16
Let n be 126/28*8/3. What is the highest common divisor of n and 32?
4
Suppose 3*h - 6 = -0. Suppose -20 = o - 163. Suppose -o + 31 = -8*p. Calculate the greatest common factor of p and h.
2
Suppose -18*a + 220 + 410 = 0. What is the highest common divisor of 10 and a?
5
Let m(a) = 6*a**3 - 56*a**2 + 203*a - 6. Let n be m(4). Calculate the highest common factor of n and 4.
2
Suppose 16*m + 648 = 25*m. Calculate the greatest common divisor of m and 72.
72
Suppose p = 6 + 13. Suppose 0 = 3*a + p - 55. Let s = -9 - -21. Calculate the greatest common divisor of s and a.
12
Let r = -56 + 108. Let g be (4/(-6))/(16/(-312)). What is the greatest common divisor of r and g?
13
Suppose -5*j + 5*z + 15 = 0, 2*j - j - 18 = -4*z. Let n be j/4 + 616/16. Calculate the highest common factor of 100 and n.
20
Let c = -205 - -310. Let z = -49 + c. What is the highest common divisor of z and 8?
8
Suppose 16 = 3*r - 5*k - 32, -4*k = 2*r - 10. Suppose -g + r = -17. Suppose 46*t - 8120 = -8*t - 62*t. Calculate the highest common divisor of g and t.
14
Let u = 102 - 57. Suppose -6*a = -3*a + u. Let z be 7 - -1 - (a - -11). What is the highest common divisor of z and 96?
12
Suppose -4*y + 3*y = -2*k - 17, 0 = 5*k + 5. Let v = -1 - -6. Suppose 4*r = -4*o + 316, 3*o - 170 = o - v*r. Calculate the highest common divisor of y and o.
15
Let y = 2617 - 1610. What is the greatest common divisor of y and 106?
53
Let u(l) = l**2 - 9*l + 12. Let g be u(7). Let t be -4 + (2 - 34/g). What is the greatest common divisor of t and 60?
15
Let x be (5/(-6))/((-8)/48). Suppose x*c = -3*d - 2, 0*c = 4*c - 4*d - 24. Let v be (1 - 0)/((-3)/(-66)). What is the greatest common divisor of c and v?
2
Suppose 3*g = -5*x + 2430, 5*g - 9*x = -5*x + 4013. Calculate the greatest common factor of g and 115.
115
Let b = 12 - 8. Suppose -3*t = -b*t + 288. Calculate the greatest common divisor of t and 36.
36
Let i = -149 + 274. Let q be 63 - ((-22)/(-11) + 11). Calculate the greatest common factor of i and q.
25
Suppose -r = 3*v - 143, 0 = -5*v + 5*r + 38 + 227. Let p be ((-42)/9)/((-4)/6). What is the greatest common divisor of p and v?
7
Suppose -22 - 39 = -i. Suppose -5*p - i = -3*j - p, 3*j = -4*p + 77. Let w(k) = 5*k - 11. Let g be w(16). What is the greatest common factor of g and j?
23
Suppose 21*y - 2*o - 5 = 20*y, 17 = 3*y - 4*o. What is the highest common factor of 56 and y?
7
Let 